{"id":2,"date":"2018-05-07T17:35:08","date_gmt":"2018-05-07T17:35:08","guid":{"rendered":"http:\/\/www.xn--grdsbelysning-pfb.nu\/?page_id=2"},"modified":"2020-04-07T18:23:18","modified_gmt":"2020-04-07T18:23:18","slug":"about","status":"publish","type":"page","link":"http:\/\/www.xn--grdsbelysning-pfb.nu\/","title":{"rendered":"G\u00e5rdsbelysning"},"content":{"rendered":"<p>Att l\u00e5ta belysa sitt garage, sin husfasad eller sin g\u00e5rdsplan kan lyfta helhetsintrycket f\u00f6r byggnaden eller omr\u00e5det i stort. L\u00e4nge trodde vi att utomhusbelysning beh\u00f6vde vara stor och klumpig, ful men funktionell. Nu vet vi b\u00e4ttre och den g\u00e5rdsbelysning du kan inf\u00f6rskaffa idag kan ge din tr\u00e4dg\u00e5rd ett riktigt lyft, samtidigt som det f\u00e5r jobbet gjort.<\/p>\n<p>Vad du g\u00f6r b\u00e4st i att f\u00f6rst se \u00f6ver \u00e4r den yta d\u00e4r du planerar att montera din ljusk\u00e4lla. Passar det sig b\u00e4st med str\u00e5lkastare eller gamla hederliga lyktor? Eller \u00e4r det kanske inf\u00e4llda spotlights som passar b\u00e4st, d\u00e4r en ljuslist l\u00e4ngst takfoten kan g\u00f6ra underverk p\u00e5 en annars ganska tr\u00e5kig fasad.<br \/>\nExempel p\u00e5 olika typer av g\u00e5rdsbelysning<\/p>\n<h2>Entr\u00e9belysning<\/h2>\n<p>Denna sorts belysning s\u00e4tts med f\u00f6rdel ovanf\u00f6r garageportar, ytterd\u00f6rrar och stalling\u00e5ngar. En upplyst entr\u00e9 ger ett v\u00e4lkomnande intryck, samtidigt som den faktiskt bockar av ytterligare en faktor: s\u00e4kerhet. Sensorstyrd entr\u00e9belysning \u00e4r inte ovanligt som en form s\u00e4kerhets\u00e5tg\u00e4rd, d\u00e5 den sl\u00e5s p\u00e5 endast vid r\u00f6relse.<\/p>\n<h2>\nGaragebelysning<\/h2>\n<p>Vare sig du tycker om att meka, anv\u00e4nda ditt hemmagym eller helt enkelt bara ha garaget till precis det som det \u00e4r avsett f\u00f6r &#8211; din bil, s\u00e5 beh\u00f6ver inte sj\u00e4lva utrymmet i sig vara s\u00e5 trist och tr\u00e5kigt som man kan tro. Med s\u00f6ml\u00f6s garagebelysning, inf\u00e4llda i v\u00e4gg och tak, kan ditt garage snarare bli ett rum att verkligen vilja spendera tid i. Det finns flertalet olika l\u00f6sningar p\u00e5 hur du b\u00e4st belyser ditt garage med LED-lamps armaturer, spotlights eller LED-lister.<\/p>\n<h2>Fasadbelysning<\/h2>\n<p>Alla fasader, tr\u00e4 som betong som tegel, kan f\u00f6rvandlas om de lyses upp p\u00e5 r\u00e4tt s\u00e4tt. Med skr\u00e4ddarsydd fasadbelysning kan den ganska tr\u00e5kiga utsidan f\u00e5 sig ett riktigt lyft och ist\u00e4llet fungera som en ljuspunkt mitt i tr\u00e4dg\u00e5rden. Vid val av fasadbelysning kan du v\u00e4lja att ha inf\u00e4llda spots eller lyktor i mer gammaldags stil. H\u00e4r g\u00f6r r\u00e4tt i att se \u00f6ver vad f\u00f6r typ av fasad du faktiskt ska s\u00e4tta ljusen vid. Fasadbelysning fungerar lika bra p\u00e5 bostadshuset som p\u00e5 garaget eller friggeboden.<\/p>\n<h2>Takbelysning<\/h2>\n<p>Att s\u00e4tta inf\u00e4llda ljusk\u00e4llor i taket p\u00e5 exempelvis din carport, ditt utestall eller i lusthuset \u00e4r ett s\u00e4kert kort n\u00e4r det kommer till att lamporna garanterat b\u00e5de kommer prestera samt h\u00e5llas torra\/dammfria oavsett v\u00e4der och temperatur. Det \u00e4r p\u00e5 grund av just detta som man rekommenderar just specifik takbelysning anpassad f\u00f6r utomhusbruk i utrymmen som l\u00e4tt kan uts\u00e4ttas f\u00f6r v\u00e4der och vind.<\/p>\n<h2>Str\u00e5lkastare<\/h2>\n<p>Denna kategori \u00e4r ganska generell men b\u00f6r \u00e4nd\u00e5 tas upp inom g\u00e5rdsbelyningsspektrat, d\u00e5 detta \u00e4r en form av lampa som alla som nyttjar st\u00f6rre marker har god anv\u00e4ndning f\u00f6r. H\u00e4r riktar vi oss framf\u00f6rallt till personer som sysslar med motorcross p\u00e5 \u00e4gorna, eller som har n\u00e5gon form av djurh\u00e5llning &#8211; i synnerhet h\u00e4stg\u00e5rdar. Str\u00e5lkastare hj\u00e4lper inte bara till att lysa upp paddocken och crossbanan, utan fungerar lika bra som generell g\u00e5rdsbelysning p\u00e5 uppfarten till ditt bostadshus.<\/p>\n","protected":false},"excerpt":{"rendered":"<p>Att l\u00e5ta belysa sitt garage, sin husfasad eller sin g\u00e5rdsplan kan lyfta helhetsintrycket f\u00f6r byggnaden eller omr\u00e5det i stort. L\u00e4nge trodde vi att utomhusbelysning beh\u00f6vde vara stor och klumpig, ful men funktionell. Nu vet vi b\u00e4ttre och den g\u00e5rdsbelysning du kan inf\u00f6rskaffa idag kan ge din tr\u00e4dg\u00e5rd ett riktigt lyft, samtidigt som det f\u00e5r jobbet [&hellip;]<\/p>\n","protected":false},"author":1,"featured_media":0,"parent":0,"menu_order":0,"comment_status":"open","ping_status":"open","template":"","meta":[],"_links":{"self":[{"href":"http:\/\/www.xn--grdsbelysning-pfb.nu\/index.php?rest_route=\/wp\/v2\/pages\/2"}],"collection":[{"href":"http:\/\/www.xn--grdsbelysning-pfb.nu\/index.php?rest_route=\/wp\/v2\/pages"}],"about":[{"href":"http:\/\/www.xn--grdsbelysning-pfb.nu\/index.php?rest_route=\/wp\/v2\/types\/page"}],"author":[{"embeddable":true,"href":"http:\/\/www.xn--grdsbelysning-pfb.nu\/index.php?rest_route=\/wp\/v2\/users\/1"}],"replies":[{"embeddable":true,"href":"http:\/\/www.xn--grdsbelysning-pfb.nu\/index.php?rest_route=%2Fwp%2Fv2%2Fcomments&post=2"}],"version-history":[{"count":24,"href":"http:\/\/www.xn--grdsbelysning-pfb.nu\/index.php?rest_route=\/wp\/v2\/pages\/2\/revisions"}],"predecessor-version":[{"id":33,"href":"http:\/\/www.xn--grdsbelysning-pfb.nu\/index.php?rest_route=\/wp\/v2\/pages\/2\/revisions\/33"}],"wp:attachment":[{"href":"http:\/\/www.xn--grdsbelysning-pfb.nu\/index.php?rest_route=%2Fwp%2Fv2%2Fmedia&parent=2"}],"curies":[{"name":"wp","href":"https:\/\/api.w.org\/{rel}","templated":true}]}}